{"id":501,"date":"2023-09-18T22:31:23","date_gmt":"2023-09-18T22:31:23","guid":{"rendered":"https:\/\/dazametales.com\/index.php\/product\/plastico-fv-30\/"},"modified":"2023-09-18T23:28:56","modified_gmt":"2023-09-18T23:28:56","slug":"plastico-fv-30","status":"publish","type":"product","link":"https:\/\/dazametales.com\/index.php\/product\/plastico-fv-30\/","title":{"rendered":"PLASTICO FV 30"},"content":{"rendered":"<p><strong>Propiedades F\u00edsicas y Qu\u00edmicas:<\/strong><\/p>\n<ul>\n<li><strong>Composici\u00f3n:<\/strong> Material compuesto principalmente de un pol\u00edmero y bolas de cristal para mejorar sus propiedades f\u00edsicas.<\/li>\n<li><strong>Densidad (ISO 1183):<\/strong> 1.29 g \/ Cm3.<\/li>\n<li><strong>Punto de fusi\u00f3n:<\/strong> 225 \u00b0C.<\/li>\n<li><strong>Absorci\u00f3n de agua:<\/strong> 1.5% a 23 \u00ba C \/ 50% HR.<\/li>\n<li><strong>Conductividad t\u00e9rmica:<\/strong> 0.3 W\/(K.m) a 23 \u00baC.<\/li>\n<\/ul>\n<p><strong>Propiedades Mec\u00e1nicas:<\/strong><\/p>\n<ul>\n<li><strong>Coeficiente de dilataci\u00f3n t\u00e9rmica:<\/strong> Entre 23 y 100 \u00ba C es 90.106 M(m.K).<\/li>\n<li><strong>Temperatura de deflexi\u00f3n:<\/strong> Bajo carga 1,8 MPa a 80 \u00b0C (ISO 75).<\/li>\n<li><strong>Rigidez diel\u00e9ctrica:<\/strong> 30 kV\/mm (Dry IEC 60243).<\/li>\n<\/ul>\n<p><strong>Aplicaciones Comunes:<\/strong><\/p>\n<ul>\n<li><strong>Industria de maquinaria:<\/strong> Componentes como rodillo portador y brida de fijaci\u00f3n.<\/li>\n<li><strong>Sistemas de gu\u00edas:<\/strong> En elementos de gu\u00eda.<\/li>\n<li><strong>Maquinaria industrial:<\/strong> Cojinetes y piezas que requieren estabilidad dimensional.<\/li>\n<\/ul>\n<p><strong>Ventajas:<\/strong><\/p>\n<ul>\n<li><strong>Estabilidad dimensional:<\/strong> Proporcionada en parte por su composici\u00f3n con bolas de cristal.<\/li>\n<li><strong>Resistencia a temperaturas:<\/strong> Operaci\u00f3n continua en temperaturas de hasta 110 \u00b0C con picos de 170 \u00b0C.<\/li>\n<li><strong>Flamabilidad:<\/strong> Grado HB seg\u00fan UL 94, lo que indica buena resistencia al fuego.<\/li>\n<\/ul>\n<p><strong>Precauciones:<\/strong><\/p>\n<ul>\n<li><strong>Flamabilidad:<\/strong> Aunque tiene un grado HB seg\u00fan UL 94, es importante considerar el grosor del material para la seguridad contra incendios.<\/li>\n<li>Es importante tener en cuenta las propiedades diel\u00e9ctricas para aplicaciones el\u00e9ctricas.<\/li>\n<\/ul>\n<p>El Pl\u00e1stico FV 30 es apreciado por su combinaci\u00f3n \u00fanica de estabilidad dimensional, resistencia t\u00e9rmica y propiedades mec\u00e1nicas.<\/p>\n<div class=\"wpforms-container wpforms-container-full wpforms-render-modern\" id=\"wpforms-81\"><form id=\"wpforms-form-81\" class=\"wpforms-validate wpforms-form wpforms-ajax-form\" data-formid=\"81\" method=\"post\" enctype=\"multipart\/form-data\" action=\"\/index.php\/wp-json\/wp\/v2\/product\/501\" data-token=\"9bdf5b5665c3036bfc3c72e3860ed960\"><noscript class=\"wpforms-error-noscript\">Please enable JavaScript in your browser to complete this form.<\/noscript><div class=\"wpforms-hidden\" id=\"wpforms-error-noscript\">Please enable JavaScript in your browser to complete this form.<\/div><div class=\"wpforms-field-container\"><div id=\"wpforms-81-field_0-container\" class=\"wpforms-field wpforms-field-name\" data-field-id=\"0\"><fieldset><legend class=\"wpforms-field-label\">Nombre <span class=\"wpforms-required-label\" aria-hidden=\"true\">*<\/span><\/legend><div class=\"wpforms-field-row wpforms-field-medium\"><div class=\"wpforms-field-row-block wpforms-first wpforms-one-half\"><input type=\"text\" id=\"wpforms-81-field_0\" class=\"wpforms-field-name-first wpforms-field-required\" name=\"wpforms[fields][0][first]\" aria-errormessage=\"wpforms-81-field_0-error\" required><label for=\"wpforms-81-field_0\" class=\"wpforms-field-sublabel after \">First<\/label><\/div><div class=\"wpforms-field-row-block wpforms-one-half\"><input type=\"text\" id=\"wpforms-81-field_0-last\" class=\"wpforms-field-name-last wpforms-field-required\" name=\"wpforms[fields][0][last]\" aria-errormessage=\"wpforms-81-field_0-last-error\" required><label for=\"wpforms-81-field_0-last\" class=\"wpforms-field-sublabel after \">Last<\/label><\/div><\/div><\/fieldset><\/div><div id=\"wpforms-81-field_1-container\" class=\"wpforms-field wpforms-field-email\" data-field-id=\"1\"><label class=\"wpforms-field-label\" for=\"wpforms-81-field_1\">Correo electr\u00f3nico <span class=\"wpforms-required-label\" aria-hidden=\"true\">*<\/span><\/label><input type=\"email\" id=\"wpforms-81-field_1\" class=\"wpforms-field-medium wpforms-field-required\" name=\"wpforms[fields][1]\" spellcheck=\"false\" aria-errormessage=\"wpforms-81-field_1-error\" required><\/div><div id=\"wpforms-81-field_3-container\" class=\"wpforms-field wpforms-field-number\" data-field-id=\"3\"><label class=\"wpforms-field-label\" for=\"wpforms-81-field_3\">Tel\u00e9fono<\/label><input type=\"number\" pattern=\"\\d*\" id=\"wpforms-81-field_3\" class=\"wpforms-field-large\" name=\"wpforms[fields][3]\" aria-errormessage=\"wpforms-81-field_3-error\" ><\/div><div id=\"wpforms-81-field_2-container\" class=\"wpforms-field wpforms-field-textarea\" data-field-id=\"2\"><label class=\"wpforms-field-label\" for=\"wpforms-81-field_2\">Comentario o mensaje<\/label><textarea id=\"wpforms-81-field_2\" class=\"wpforms-field-medium\" name=\"wpforms[fields][2]\" aria-errormessage=\"wpforms-81-field_2-error\" ><\/textarea><\/div><\/div><!-- .wpforms-field-container --><div class=\"wpforms-submit-container\" ><input type=\"hidden\" name=\"wpforms[id]\" value=\"81\"><input type=\"hidden\" name=\"wpforms[author]\" value=\"1\"><button type=\"submit\" name=\"wpforms[submit]\" id=\"wpforms-submit-81\" class=\"wpforms-submit\" data-alt-text=\"Enviando...\" data-submit-text=\"Enviar\" aria-live=\"assertive\" value=\"wpforms-submit\">Enviar<\/button><img src=\"https:\/\/dazametales.com\/wp-content\/plugins\/wpforms-lite\/assets\/images\/submit-spin.svg\" class=\"wpforms-submit-spinner\" style=\"display: none;\" width=\"26\" height=\"26\" alt=\"Loading\"><\/div><\/form><\/div>  <!-- .wpforms-container -->\n","protected":false},"excerpt":{"rendered":"<p>El Pl\u00e1stico FV 30 es apreciado por su combinaci\u00f3n \u00fanica de estabilidad dimensional, resistencia t\u00e9rmica y propiedades mec\u00e1nicas.<\/p>\n","protected":false},"featured_media":547,"comment_status":"closed","ping_status":"closed","template":"","meta":{"_monsterinsights_skip_tracking":false,"_monsterinsights_sitenote_active":false,"_monsterinsights_sitenote_note":"","_monsterinsights_sitenote_category":0,"_kad_post_transparent":"default","_kad_post_title":"","_kad_post_layout":"default","_kad_post_sidebar_id":"","_kad_post_content_style":"default","_kad_post_vertical_padding":"default","_kad_post_feature":"","_kad_post_feature_position":"","_kad_post_header":false,"_kad_post_footer":false},"product_cat":[108],"product_tag":[],"aioseo_notices":[],"_links":{"self":[{"href":"https:\/\/dazametales.com\/index.php\/wp-json\/wp\/v2\/product\/501"}],"collection":[{"href":"https:\/\/dazametales.com\/index.php\/wp-json\/wp\/v2\/product"}],"about":[{"href":"https:\/\/dazametales.com\/index.php\/wp-json\/wp\/v2\/types\/product"}],"replies":[{"embeddable":true,"href":"https:\/\/dazametales.com\/index.php\/wp-json\/wp\/v2\/comments?post=501"}],"wp:featuredmedia":[{"embeddable":true,"href":"https:\/\/dazametales.com\/index.php\/wp-json\/wp\/v2\/media\/547"}],"wp:attachment":[{"href":"https:\/\/dazametales.com\/index.php\/wp-json\/wp\/v2\/media?parent=501"}],"wp:term":[{"taxonomy":"product_cat","embeddable":true,"href":"https:\/\/dazametales.com\/index.php\/wp-json\/wp\/v2\/product_cat?post=501"},{"taxonomy":"product_tag","embeddable":true,"href":"https:\/\/dazametales.com\/index.php\/wp-json\/wp\/v2\/product_tag?post=501"}],"curies":[{"name":"wp","href":"https:\/\/api.w.org\/{rel}","templated":true}]}}