{"id":291,"date":"2023-09-12T18:57:39","date_gmt":"2023-09-12T18:57:39","guid":{"rendered":"https:\/\/dazametales.com\/index.php\/product\/mish-metal\/"},"modified":"2023-09-16T20:27:20","modified_gmt":"2023-09-16T20:27:20","slug":"mish-metal","status":"publish","type":"product","link":"https:\/\/dazametales.com\/index.php\/product\/mish-metal\/","title":{"rendered":"MISH METAL"},"content":{"rendered":"<p><strong>Propiedades F\u00edsicas y Qu\u00edmicas:<\/strong><\/p>\n<ul>\n<li><strong>Composici\u00f3n:<\/strong> Mischmetal (a menudo abreviado como &#8220;Misch&#8221;) es una aleaci\u00f3n de tierras raras, principalmente de cerio y lantano. Tambi\u00e9n puede contener peque\u00f1as cantidades de neodimio y praseodimio.<\/li>\n<li><strong>Apariencia:<\/strong> Es una aleaci\u00f3n de color plateado brillante.<\/li>\n<li><strong>Reactividad:<\/strong> Las tierras raras en Mischmetal son altamente reactivas, especialmente con el ox\u00edgeno. Se oxidan f\u00e1cilmente en aire.<\/li>\n<\/ul>\n<p><strong>Aplicaciones Comunes:<\/strong><\/p>\n<ul>\n<li><strong>Pedernal para encendedores:<\/strong> Mischmetal es conocido por su capacidad para producir chispas cuando se golpea contra un material r\u00edgido, por lo que ha sido utilizado en la fabricaci\u00f3n de &#8220;piedras&#8221; para encendedores.<\/li>\n<li><strong>Metalurgia:<\/strong> Mischmetal tambi\u00e9n se utiliza como aditivo en la fundici\u00f3n de aceros y otros metales, as\u00ed como en la fabricaci\u00f3n de aleaciones de tierras raras.<\/li>\n<li><strong>Producci\u00f3n de imanes:<\/strong> Algunas tierras raras presentes en el Mischmetal son esenciales para la producci\u00f3n de imanes permanentes de alta potencia.<\/li>\n<\/ul>\n<p><strong>Ventajas:<\/strong><\/p>\n<ul>\n<li><strong>Amplio espectro de tierras raras:<\/strong> Al contener varias tierras raras, Mischmetal puede ser una fuente m\u00e1s econ\u00f3mica para ciertas aplicaciones en comparaci\u00f3n con el uso de elementos de tierras raras individuales.<\/li>\n<li><strong>Propiedades pirof\u00f3ricas:<\/strong> Su capacidad para producir chispas lo ha hecho indispensable en ciertas aplicaciones, como los encendedores.<\/li>\n<\/ul>\n<p><strong>Precauciones:<\/strong><\/p>\n<ul>\n<li><strong>Manejo y almacenamiento:<\/strong> Debido a su reactividad, Mischmetal debe ser almacenado adecuadamente para evitar la oxidaci\u00f3n. Adem\u00e1s, debido a sus propiedades pirof\u00f3ricas, puede ser un riesgo de incendio si no se maneja correctamente.<\/li>\n<li><strong>Inhalaci\u00f3n:<\/strong> Como con otros metales, la inhalaci\u00f3n de polvo de Mischmetal puede ser perjudicial para la salud.<\/li>\n<\/ul>\n<div class=\"wpforms-container wpforms-container-full wpforms-render-modern\" id=\"wpforms-81\"><form id=\"wpforms-form-81\" class=\"wpforms-validate wpforms-form wpforms-ajax-form\" data-formid=\"81\" method=\"post\" enctype=\"multipart\/form-data\" action=\"\/index.php\/wp-json\/wp\/v2\/product\/291\" data-token=\"9bdf5b5665c3036bfc3c72e3860ed960\"><noscript class=\"wpforms-error-noscript\">Please enable JavaScript in your browser to complete this form.<\/noscript><div class=\"wpforms-hidden\" id=\"wpforms-error-noscript\">Please enable JavaScript in your browser to complete this form.<\/div><div class=\"wpforms-field-container\"><div id=\"wpforms-81-field_0-container\" class=\"wpforms-field wpforms-field-name\" data-field-id=\"0\"><fieldset><legend class=\"wpforms-field-label\">Nombre <span class=\"wpforms-required-label\" aria-hidden=\"true\">*<\/span><\/legend><div class=\"wpforms-field-row wpforms-field-medium\"><div class=\"wpforms-field-row-block wpforms-first wpforms-one-half\"><input type=\"text\" id=\"wpforms-81-field_0\" class=\"wpforms-field-name-first wpforms-field-required\" name=\"wpforms[fields][0][first]\" aria-errormessage=\"wpforms-81-field_0-error\" required><label for=\"wpforms-81-field_0\" class=\"wpforms-field-sublabel after \">First<\/label><\/div><div class=\"wpforms-field-row-block wpforms-one-half\"><input type=\"text\" id=\"wpforms-81-field_0-last\" class=\"wpforms-field-name-last wpforms-field-required\" name=\"wpforms[fields][0][last]\" aria-errormessage=\"wpforms-81-field_0-last-error\" required><label for=\"wpforms-81-field_0-last\" class=\"wpforms-field-sublabel after \">Last<\/label><\/div><\/div><\/fieldset><\/div><div id=\"wpforms-81-field_1-container\" class=\"wpforms-field wpforms-field-email\" data-field-id=\"1\"><label class=\"wpforms-field-label\" for=\"wpforms-81-field_1\">Correo electr\u00f3nico <span class=\"wpforms-required-label\" aria-hidden=\"true\">*<\/span><\/label><input type=\"email\" id=\"wpforms-81-field_1\" class=\"wpforms-field-medium wpforms-field-required\" name=\"wpforms[fields][1]\" spellcheck=\"false\" aria-errormessage=\"wpforms-81-field_1-error\" required><\/div><div id=\"wpforms-81-field_3-container\" class=\"wpforms-field wpforms-field-number\" data-field-id=\"3\"><label class=\"wpforms-field-label\" for=\"wpforms-81-field_3\">Tel\u00e9fono<\/label><input type=\"number\" pattern=\"\\d*\" id=\"wpforms-81-field_3\" class=\"wpforms-field-large\" name=\"wpforms[fields][3]\" aria-errormessage=\"wpforms-81-field_3-error\" ><\/div><div id=\"wpforms-81-field_2-container\" class=\"wpforms-field wpforms-field-textarea\" data-field-id=\"2\"><label class=\"wpforms-field-label\" for=\"wpforms-81-field_2\">Comentario o mensaje<\/label><textarea id=\"wpforms-81-field_2\" class=\"wpforms-field-medium\" name=\"wpforms[fields][2]\" aria-errormessage=\"wpforms-81-field_2-error\" ><\/textarea><\/div><\/div><!-- .wpforms-field-container --><div class=\"wpforms-submit-container\" ><input type=\"hidden\" name=\"wpforms[id]\" value=\"81\"><input type=\"hidden\" name=\"wpforms[author]\" value=\"1\"><button type=\"submit\" name=\"wpforms[submit]\" id=\"wpforms-submit-81\" class=\"wpforms-submit\" data-alt-text=\"Enviando...\" data-submit-text=\"Enviar\" aria-live=\"assertive\" value=\"wpforms-submit\">Enviar<\/button><img src=\"https:\/\/dazametales.com\/wp-content\/plugins\/wpforms-lite\/assets\/images\/submit-spin.svg\" class=\"wpforms-submit-spinner\" style=\"display: none;\" width=\"26\" height=\"26\" alt=\"Loading\"><\/div><\/form><\/div>  <!-- .wpforms-container -->\n","protected":false},"excerpt":{"rendered":"<p>Mischmetal es una aleaci\u00f3n que ha encontrado aplicaciones en diversas \u00e1reas de la industria debido a las propiedades \u00fanicas que poseen las tierras raras. Sin embargo, con el surgimiento de nuevas tecnolog\u00edas y t\u00e9cnicas, el uso de Mischmetal est\u00e1 evolucionando y encontrando nuevos nichos en el mundo moderno.<\/p>\n","protected":false},"featured_media":423,"comment_status":"closed","ping_status":"closed","template":"","meta":{"_monsterinsights_skip_tracking":false,"_monsterinsights_sitenote_active":false,"_monsterinsights_sitenote_note":"","_monsterinsights_sitenote_category":0,"_kad_post_transparent":"default","_kad_post_title":"","_kad_post_layout":"default","_kad_post_sidebar_id":"","_kad_post_content_style":"default","_kad_post_vertical_padding":"default","_kad_post_feature":"","_kad_post_feature_position":"","_kad_post_header":false,"_kad_post_footer":false},"product_cat":[101],"product_tag":[],"aioseo_notices":[],"_links":{"self":[{"href":"https:\/\/dazametales.com\/index.php\/wp-json\/wp\/v2\/product\/291"}],"collection":[{"href":"https:\/\/dazametales.com\/index.php\/wp-json\/wp\/v2\/product"}],"about":[{"href":"https:\/\/dazametales.com\/index.php\/wp-json\/wp\/v2\/types\/product"}],"replies":[{"embeddable":true,"href":"https:\/\/dazametales.com\/index.php\/wp-json\/wp\/v2\/comments?post=291"}],"wp:featuredmedia":[{"embeddable":true,"href":"https:\/\/dazametales.com\/index.php\/wp-json\/wp\/v2\/media\/423"}],"wp:attachment":[{"href":"https:\/\/dazametales.com\/index.php\/wp-json\/wp\/v2\/media?parent=291"}],"wp:term":[{"taxonomy":"product_cat","embeddable":true,"href":"https:\/\/dazametales.com\/index.php\/wp-json\/wp\/v2\/product_cat?post=291"},{"taxonomy":"product_tag","embeddable":true,"href":"https:\/\/dazametales.com\/index.php\/wp-json\/wp\/v2\/product_tag?post=291"}],"curies":[{"name":"wp","href":"https:\/\/api.w.org\/{rel}","templated":true}]}}